{"id":1073,"date":"2026-03-21T22:06:07","date_gmt":"2026-03-21T22:06:07","guid":{"rendered":"https:\/\/cutestorereborn.cl\/tienda\/?post_type=product&#038;p=1073"},"modified":"2026-03-21T22:07:42","modified_gmt":"2026-03-21T22:07:42","slug":"muneca-betty-cuerpo-de-tela","status":"publish","type":"product","link":"https:\/\/cutestorereborn.cl\/tienda\/producto\/muneca-betty-cuerpo-de-tela\/","title":{"rendered":"Mu\u00f1eca Betty cuerpo de tela"},"content":{"rendered":"","protected":false},"excerpt":{"rendered":"<p>Hay ni\u00f1as que no solo quieren jugar\u2026<br \/>\nquieren abrazar, regalonear y sentir compa\u00f1\u00eda de verdad.<\/p>\n<p>Y como mam\u00e1s, sabemos lo importante que es encontrar un juguete que no solo entretenga, sino que tambi\u00e9n entregue calma, cari\u00f1o y seguridad \ud83d\udc97<br \/>\nEsta mu\u00f1eca Reborn est\u00e1 pensada justamente para eso\u2026<br \/>\npara convertirse en esa compa\u00f1era suave y especial que tu hija no va a querer soltar.<\/p>\n<p>\u2728 \u00bfQu\u00e9 la hace tan especial?<br \/>\n\ud83d\udc9e Cuerpo de tela ultra blandito: perfecta para abrazar, dormir y llevar a todos lados<br \/>\n\ud83d\udc76 Movimiento realista de cabeza: se mueve suavemente como un beb\u00e9 real, haciendo el juego mucho m\u00e1s aut\u00e9ntico<br \/>\n\ud83d\udca4 Ideal para momentos de calma: muchas ni\u00f1as la usan como compa\u00f1\u00eda para dormir o relajarse<br \/>\n\ud83c\udf80 Dise\u00f1o delicado y encantador que enamora a primera vista<br \/>\n\ud83e\uddf8 No es solo una mu\u00f1eca, es contenci\u00f3n emocional<\/p>\n<p>A diferencia de las mu\u00f1ecas r\u00edgidas, su cuerpo de tela permite que tu hija la apriete, la acurruque y conecte emocionalmente, ayudando a desarrollar apego, empat\u00eda y seguridad.<\/p>\n<p>\ud83d\udeab Importante:<br \/>\nEsta versi\u00f3n es de cuerpo de tela, por lo que no se puede ba\u00f1ar, pero a cambio ofrece una experiencia mucho m\u00e1s c\u00e1lida, suave y realista al abrazarla.<br \/>\n\ud83d\udccf Mide aproximadamente 50 cm, ideal para que el juego se sienta m\u00e1s real.<br \/>\n\ud83d\udc97 Es esa mu\u00f1eca que pasa de ser un juguete\u2026 a ser su favorita, su compa\u00f1\u00eda y su beb\u00e9.<br \/>\nPerfecta para ni\u00f1as que aman los abrazos, el juego tranquilo y sentirse acompa\u00f1adas.<br \/>\n\u2728 Disponible en Cute Store \u2728<\/p>\n<p><strong>\u00a0\u00a0\u00a0\u00a0\u00a0\u00a0\u00a0 Incluye:<\/strong><\/p>\n<ul>\n<li>Aros<\/li>\n<li>Vestimenta de la imagen<\/li>\n<li>Mamadera<\/li>\n<li>Chupete magn\u00e9tico<\/li>\n<li>Certificado de nacimiento<\/li>\n<\/ul>\n<p>&nbsp;<\/p>\n","protected":false},"featured_media":1075,"comment_status":"open","ping_status":"closed","template":"","meta":[],"product_brand":[],"product_cat":[19,101],"product_tag":[69,68,105,67,102],"class_list":{"0":"post-1073","1":"product","2":"type-product","3":"status-publish","4":"has-post-thumbnail","6":"product_cat-reborn","7":"product_cat-tela","8":"product_tag-bebe","9":"product_tag-muneca","10":"product_tag-pelo","11":"product_tag-reborn","12":"product_tag-tela","13":"pa_material-lulu","15":"first","16":"instock","17":"shipping-taxable","18":"purchasable","19":"product-type-simple"},"jetpack_sharing_enabled":true,"_links":{"self":[{"href":"https:\/\/cutestorereborn.cl\/tienda\/wp-json\/wp\/v2\/product\/1073","targetHints":{"allow":["GET"]}}],"collection":[{"href":"https:\/\/cutestorereborn.cl\/tienda\/wp-json\/wp\/v2\/product"}],"about":[{"href":"https:\/\/cutestorereborn.cl\/tienda\/wp-json\/wp\/v2\/types\/product"}],"replies":[{"embeddable":true,"href":"https:\/\/cutestorereborn.cl\/tienda\/wp-json\/wp\/v2\/comments?post=1073"}],"wp:featuredmedia":[{"embeddable":true,"href":"https:\/\/cutestorereborn.cl\/tienda\/wp-json\/wp\/v2\/media\/1075"}],"wp:attachment":[{"href":"https:\/\/cutestorereborn.cl\/tienda\/wp-json\/wp\/v2\/media?parent=1073"}],"wp:term":[{"taxonomy":"product_brand","embeddable":true,"href":"https:\/\/cutestorereborn.cl\/tienda\/wp-json\/wp\/v2\/product_brand?post=1073"},{"taxonomy":"product_cat","embeddable":true,"href":"https:\/\/cutestorereborn.cl\/tienda\/wp-json\/wp\/v2\/product_cat?post=1073"},{"taxonomy":"product_tag","embeddable":true,"href":"https:\/\/cutestorereborn.cl\/tienda\/wp-json\/wp\/v2\/product_tag?post=1073"}],"curies":[{"name":"wp","href":"https:\/\/api.w.org\/{rel}","templated":true}]}}